18. Suppose -3*l = -214 - y. List the prime factors of l.
2, 19
Let x = -33 - -15. Let m = x + 23. Suppose 0 = -2*b + 131 + m. What are the prime factors of b?
2, 17
Let t be 4*((-4)/14 + 173/(-7)). Let y = t + 186. List the prime factors of y.
2, 43
Let q = 9849 - 6720. List the prime factors of q.
3, 7, 149
Suppose -2*y - 2*y - 41 = -5*v, -3*y - 22 = -2*v. Suppose v*i - i = 312. List the prime factors of i.
2, 3, 13
Let b(a) = a**2 - 31*a + 117. List the prime factors of b(28).
3, 11
What are the prime factors of (3 - 4)/(2 + (-2173)/1086)?
2, 3, 181
Suppose -37032 = 85*r - 150167. List the prime factors of r.
11
Suppose 3*l + 5*p - 62 = 0, 6*p = -5*l + p + 90. Let h(v) = v + 2 + 13 - 5. What are the prime factors of h(l)?
2, 3
Suppose -7*f + 2*f - 115 = 0. Let z = -20 - f. Suppose -z*y = -7*y + 92. List the prime factors of y.
23
Let r(g) be the first derivative of 69*g**2/2 + 4*g - 11. List the prime factors of r(2).
2, 71
Let c(v) = -v + 442. What are the prime factors of c(0)?
2, 13, 17
Let d = -349 + 348. Suppose 2*k - 16 - 54 = 0. Let s = k - d. List the prime factors of s.
2, 3
Let q = 5 + 1. Suppose -q*d = -2*d. Suppose -2*a + 10 = -d*a. What are the prime factors of a?
5
Let n(w) = -w**2 + 11*w - 18. Let j be n(5). Let a(v) = v**3 - 11*v**2 + 7*v + 6. List the prime factors of a(j).
2, 3, 13
What are the prime factors of 12/(-26) - 454766/(-338)?
5, 269
Suppose 5539 = 28*u + u. List the prime factors of u.
191
Let s(h) = -4*h - 15. Let b be s(-5). Suppose 2*n + b*v - 247 = 0, n + 2*n = 2*v + 361. What are the prime factors of n?
11
Let m(z) = z**2 + 16*z - 4. Let a be m(-10). Let b = a + 104. What are the prime factors of b?
2, 5
Suppose -2*g - 2*q = -58, 3*g + 113 = 7*g + q. Suppose 3*v = -4*c + 385, -3*v + 260 = 3*c - g. What are the prime factors of c?
97
Let l(w) = -25*w - 2. Let z be l(-8). Let c = z - 100. What are the prime factors of c?
2, 7
Suppose -3*x = 278 - 2960. What are the prime factors of x?
2, 3, 149
Let z(v) = -15*v**2 + 2*v - 3. Let j be z(1). Let q = -14 - j. What are the prime factors of q?
2
Let r = 2796 + -1365. List the prime factors of r.
3, 53
Let u = -18 + 28. Let d be (-4)/8*u - -1. Let z = d - -71. What are the prime factors of z?
67
Let w = 1647 - 1108. What are the prime factors of w?
7, 11
What are the prime factors of 46 + (-7)/14*6?
43
Let c = -33 - -43. Suppose -3*a = -2*y + y - 5, 2*a = -y + c. Suppose -4*g - b = -5*b - 284, -2*g - a*b + 132 = 0. List the prime factors of g.
3, 23
Suppose 181 + 35 = -5*o - 4*w, -2*o + 2*w - 72 = 0. Let n = o - -75. List the prime factors of n.
5, 7
Suppose 0 = -5*v + 5*w + 1310, 2*v - w - 329 - 199 = 0. List the prime factors of v.
2, 7, 19
Let j(s) = -2*s**2 + 31*s + 53. Let x(t) = -t**2 + 16*t + 27. Let z(o) = 3*j(o) - 7*x(o). List the prime factors of z(21).
2, 3
Let z(v) = 2*v**2 + 4*v - 8. Let f(u) = 1. Let l(r) = -5*f(r) + z(r). List the prime factors of l(-9).
113
Let x = -12 + 17. Suppose -x*v + 0*v = -20. Let z(w) = -w**3 + 4*w**2 + 3*w + 2. What are the prime factors of z(v)?
2, 7
Let a(z) = -z**3 + z**2. Let n be a(2). List the prime factors of ((-2)/n)/((-2)/(-124)).
31
Suppose -n - 4 = -3*b, -2*b + 2 = 2*n - 3*n. What are the prime factors of b/((-4)/(-308)*2)?
7, 11
Let p(o) = -3*o**3 + o**2 + 3*o - 1. Suppose 3*r = -r - 3*x + 2, -2*r + 4*x = -12. Let m be p(r). Let q = -4 - m. List the prime factors of q.
11
Let x(m) = 409*m + 61. What are the prime factors of x(1)?
2, 5, 47
What are the prime factors of (-4 - 39/(-9))/((-1)/(-111))?
37
Let i(v) = -v**2 - 4*v + 2. Suppose -5*d + 7 = 22. Let z be i(d). Suppose -4*c + 38 = 3*r - 34, -3*c - z*r = -54. List the prime factors of c.
2, 3
Let v = 118 + -119. What are the prime factors of 2/(-8)*4*222*v?
2, 3, 37
Let z = -7 + 7. Let x(o) = -o**3 - o + 14. List the prime factors of x(z).
2, 7
Let c be (-2 - 7)/(-3) - 0. Suppose g + 3*r = -g + 205, -3*r - c = 0. Suppose 0*q + 2*q - g = -4*j, j + 4*q = 26. List the prime factors of j.
2, 13
Let a = 6295 + -3648. What are the prime factors of a?
2647
Suppose 4*q = 7*q - 123. Suppose -2*z + 11 = 1, 5*z = -p + q. Suppose -4*i = p, k + i = 9 + 54. List the prime factors of k.
67
Let d(w) = 99*w + 2. Let z be d(-3). Let o = -206 - z. Suppose -b + 4*p = -24, 3*b - o = p + 16. What are the prime factors of b?
2, 3
Suppose -23*c + 31940 = -3*c. List the prime factors of c.
1597
Suppose -24 = 2*w + 4*x, x - 84 = 5*w - x. Let k = w - -71. List the prime factors of k.
5, 11
Suppose 0 = 10*c - 9*c - 3. Suppose -2*u = 2*u + 8, -72 = -3*v + c*u. What are the prime factors of v?
2, 11
Let z(f) = 5*f**2 - 5*f + 4. Let m be z(-3). Suppose m = -2*i + 256. List the prime factors of i.
2, 3
Let p(v) = 2*v**3 - 3*v**2 - v + 2. Let l be p(2). Suppose 43 = -4*d - j, 3*d - d + l*j = -4. Let m(f) = -f**2 - 15*f - 14. List the prime factors of m(d).
2, 11
Let o(f) = -24*f + 5. Let k be o(-4). Suppose -4*q - 52 = -3*z, q = 4*z + 2*q - k. Suppose 4*w + z = 8*w. List the prime factors of w.
2, 3
Let y = 79 + -75. Let c(f) = -f**2 + 5*f + 3. Let a be c(5). Suppose -5*r = y*j - 42, -2*j + 20 = -r + a*r. List the prime factors of j.
2
Let u = -311 + 992. What are the prime factors of u?
3, 227
Let n be (0 + 174/9 + 3)*54. Suppose -4*z = o - 960, -n - 1 = -5*z - 3*o. What are the prime factors of z?
239
Let m = 6217 + -4297. What are the prime factors of m?
2, 3, 5
Suppose 2*s - 19 = s + 3*r, 5*r + 9 = -4*s. Suppose 12 = d + 5*f - 5, 5*f = -s*d + 128. What are the prime factors of d?
37
Suppose 25*w + 40761 = 46*w. What are the prime factors of w?
3, 647
Let s(m) = m**2 - m + 90. List the prime factors of s(34).
2, 3, 101
Suppose -148 = 4*k - 8. List the prime factors of 154/(-5)*k/14.
7, 11
Suppose h + 3494 = 9*c - 5*c, 2*c + 4*h = 1756. What are the prime factors of c?
2, 19, 23
Let n be (4*(-5)/(-20))/((-2)/6). List the prime factors of 1/((-367)/(-122) + n).
2, 61
Suppose 0 = -y - 3*w + 3, -3*y + 3*w + 29 = 80. Let f = y - -189. List the prime factors of f.
3, 59
Let l(m) = -3*m + 2 - 3*m + 3. Let x be l(-7). Suppose z = -4*b + 2*b + x, 4*z = 5*b - 98. List the prime factors of b.
2, 11
Let l be (5 - 2 - -10)*-4. Let a be 12/42 - l/14. Suppose -5*p + 96 + a = 0. List the prime factors of p.
2, 5
Let w = -12 + 22. Let z be ((-12)/w)/((-30)/100). Suppose -18 = -z*p + 2*a + 90, -12 = 3*a. What are the prime factors of p?
5
List the prime factors of 2468/5 - ((-60)/25)/6.
2, 13, 19
Suppose u + 3 = 0, 2*u - 228 = -0*d - 3*d. Let q = d + -38. What are the prime factors of q?
2, 5
Suppose -5*r + 3*i = 2, 3*r - 5*i = r + 3. List the prime factors of (r + 1*4)/(27/1566).
2, 3, 29
Let a(v) = v**3 - 5*v**2 - 4*v + 7. Let s(t) = -9 + 0*t - 7 - t - t. Let j be s(-11). What are the prime factors of a(j)?
19
Let u = 1148 - 1980. List the prime factors of u/(-22) + (-8)/(-44).
2, 19
Let l be 78 + (9/(-3) - -5). Let k = 4 - 1. Suppose -k*m - m = -l. What are the prime factors of m?
2, 5
Suppose r + 8 = 5*m + 1, 5*m - 10 = 0. Suppose -4*t = p - 3 - 11, t = -r*p + 75. List the prime factors of p.
2, 13
Let b = -13 + 18. Suppose -5*w - 5*m = -b, -5*w + 2*m = 6 + 3. Let k = w - -8. List the prime factors of k.
7
Let j = 8256 - 5352. What are the prime factors of j?
2, 3, 11
Suppose -46*d + 101*d - 130075 = 0. What are the prime factors of d?
5, 11, 43
Let c be (-5)/((-20)/(-4))*-7. Suppose c*w - 10*w = -393. What are the prime factors of w?
131
Let c = 1165 - 629. What are the prime factors of c?
2, 67
Let j(s) = 161*s - 28. What are the prime factors of j(3)?
5, 7, 13
Let d be 2 + 0 - (3 - (-7 + 3)). Suppose m + 5 = -2*w, 0*w = -4*w - 3*m - 5. List the prime factors of 3 + w/(d/42).
3, 5
Let k = 11 - 14. What are the prime factors of 97 + 2/5 + k/(-5)?
2, 7
Suppose 3*a = 5*a - 5*h - 25, 0 = a + h - 2. Suppose a*s - 4*u - 129 = 0, 4*s - 4*u - 112 = -3*u. What are the prime factors of s?
29
Let j = -558 + 992. What are the prime factors of j?
2, 7, 31
Suppose f = 4*q - 11, q + 1 - 7 = -3*f. Suppose n + q - 7 = 0. Suppose n*p - 30 = 3*p. What are the prime factors of p?
2, 3, 5
List the prime factors of (22*(-1)/(-8))/(4/496).
11, 31
Suppose 8 = 5*p - 4*p. Let y = p + -4. List the prime factors of (-3)/(-12) - (-39)/y.
2, 5
Let s(v) = 2104*v**2 + 19*v + 2. What are the prime factors of s(-1)?
2087
Let q b